 = 768355 - 946968. What are the prime factors of o?
2, 5, 13, 109
Suppose 5*m + 6 + 0 = -3*z, -3*m - 21 = -4*z. List the prime factors of 9440/120 + (-4)/m.
2, 5
Let q = -2307 - -26823. List the prime factors of q.
2, 3, 227
Let z be (39/(-6) - 0)*22. Let f = -124 - z. What are the prime factors of f?
19
Let f be (-3 - -170) + (-2)/2 + 2. Let d = 155 - f. What are the prime factors of d/39 + 73/3?
2, 3
Let h = -1678 - 79. Let u be 1/6 + h/(-6). Suppose u = 5*i - 177. List the prime factors of i.
2, 47
Suppose -3*i + 47 = 2*i - 2*m, -4*i + 24 = -5*m. Suppose 3*b = -4*u + 2618, -u + i*b - 7*b = -664. What are the prime factors of u?
2, 41
Suppose -3*i + 0*i = 3*z - 48996, 0 = -4*i + z + 65293. What are the prime factors of i?
5, 653
Let f = -2536 - -40350. List the prime factors of f.
2, 7, 37, 73
Let k(b) = 410*b**3 + 13*b**2 - 42*b + 7. What are the prime factors of k(3)?
2, 2767
Let m = 4101 - 2392. Suppose -w = r - 4*w - m, 0 = -3*w - 3. What are the prime factors of r?
2, 853
Suppose -6*j + 26 = 86. Let l be 560/96 + (j/12)/(-5). List the prime factors of 4/l + 12*52/9.
2, 5, 7
What are the prime factors of (0 - 16/(-5))/((-15)/((-11278500)/40))?
2, 73, 103
Let z(d) = 2*d**3 - 18*d**2 - 33*d - 13. Let i be z(11). Suppose 0 = -158*w + 161*w - i. List the prime factors of w.
2, 3
Let y(b) = -5*b**3 + 5*b**2 + 12*b - 1. Suppose f = -3*k + 13, 2*f = 9*k - 7*k - 14. What are the prime factors of y(f)?
5, 7
Let i = -593 - -631. Suppose -19166 = -i*z + z. List the prime factors of z.
2, 7, 37
Suppose 5*m + 2 = 3*x, -17*x + 2 = -19*x + 4*m. Suppose -2540 = -5*w + 3*s, 14*s + 2032 = 4*w + x*s. List the prime factors of w.
2, 127
Let b = 13172 + -9244. List the prime factors of b.
2, 491
Let m(p) = -39*p + 118. Let n(b) = -59*b + 176. Let j(v) = 8*m(v) - 5*n(v). What are the prime factors of j(-10)?
2, 3, 13
Suppose 0 = -5*b + 3*v + 18162, b + 14528 = 5*b - 4*v. What are the prime factors of b?
3, 7, 173
Suppose 5*p = 9*p - 236. Let i = -10 - p. Let c = -34 - i. What are the prime factors of c?
5, 7
Let z = 304 + -301. Suppose 11*w - 9*w - 5*o - 446 = 0, 2*o - 707 = -z*w. List the prime factors of w.
233
Let i = -43 + 14. Let c = i + 38. Suppose -c = -3*b + 3*s, b - 5*b + 8 = -5*s. What are the prime factors of b?
7
Suppose -10*w = -36 + 156. Let j = -247 - w. Let p = -131 - j. What are the prime factors of p?
2, 13
Suppose 0 = -c, -2*r - c + 1836 = -0*r - 0*c. List the prime factors of r.
2, 3, 17
Suppose 20 = -6*j + 2*j, -3*m + 5*j + 49 = 0. List the prime factors of 20/m*1328/10.
2, 83
Suppose 7079 = 6*w - 26647. What are the prime factors of w?
7, 11, 73
Let l be 3/18 - 4/(48/(-394)). List the prime factors of 4/(-14)*(-42)/(-6) + l.
31
Let y(m) = 71537*m**2 - 70*m + 70. List the prime factors of y(1).
71537
What are the prime factors of 6/(-11) + (-4105122)/(-462)?
5, 1777
Suppose -2*s - 23504 = -5*v, 134*s = -4*v + 131*s + 18817. List the prime factors of v.
2, 2351
Let f(z) = -z**3 - 14*z**2 + 32*z + 2. Let n be f(-16). Let k be n + 78 - ((-75)/5)/5. Suppose -k = -u + 61. What are the prime factors of u?
2, 3
Let x = -177 - -331. Suppose 17*k - 2*k = 30. Suppose -4*i = 3*z - x - 87, -k*i + 4*z = -126. List the prime factors of i.
61
Let t(y) = -611*y + 850. List the prime factors of t(-9).
7, 907
Let v be (0 - -6)*(12/(-18) - -1). Let s be 48*v/3*6. List the prime factors of (-1624)/(-22) - (s/(-88) - -2).
2, 37
Let f(o) = 12*o**2 - 9*o - 35. Let a be f(-3). Suppose 2*w = k - a, -4*w = k + 26 - 120. List the prime factors of k.
2, 7
Suppose 467*t - 475*t - 8 = 0. What are the prime factors of (-6706)/(-21) + t + 10/15?
11, 29
Let u = -200 + 206. Suppose -494 = -x - 2*q, q + 1447 = u*x - 3*x. List the prime factors of x.
2, 11
Suppose -j - 9445 = -4*l, 3*j = 5*l - 16511 + 4696. Let f = -1247 + l. List the prime factors of f.
3, 7, 53
Let k = 6921 + -3910. List the prime factors of k.
3011
List the prime factors of ((-737)/11 - -1)/(33/(-5126)).
2, 11, 233
Suppose -2*k + 16019 - 487 = 0. Suppose 2306 = -10*o + k. What are the prime factors of o?
2, 3, 7, 13
Let c be ((-3)/2 - 2700/(-24)) + 2. Let o = c + -81. List the prime factors of (488/o)/(1/4).
61
Suppose 3600 = 8*d - 5*d. Suppose 2*u - d = -u - 2*f, 4*u + 5*f = 1607. List the prime factors of u.
2, 199
Let s = 45 + -57. Let x be 47/(-2)*s - (-13)/(-13). Let h = 415 - x. List the prime factors of h.
2, 67
Suppose n - 3*q - 26070 = 0, -3*q = n - 4*q - 26068. List the prime factors of n.
3, 8689
Let d = -1527 - -1614. Let r(s) = -86*s**3 - s**2 - s + 1. Let o be r(1). Let v = d - o. What are the prime factors of v?
2, 3, 29
Let t(n) = -8*n**2 + 7*n + 4. Let y be t(-5). Let q = -42 + y. List the prime factors of (20/(-15))/(2/q).
2, 7, 13
Let c = -44 - -47. Let m be c*((-102)/(-18) - 3). Suppose 4*j = -2*x + 662, 3*j + m*x = 3*x + 507. What are the prime factors of j?
2, 41
Let x(q) = -q**2 + 16*q - 12. Let j be x(16). Let t = j - -13. Suppose -n = -t + 6, 0 = -5*p - 2*n + 320. What are the prime factors of p?
2, 3, 11
Let r(f) = -1076*f + 60. Let h be r(-8). Suppose 10*j + 12*j = h. What are the prime factors of j?
2, 197
Suppose 0 = -5*x + 3*c + 73637, 21*x - 5*c = 19*x + 29451. What are the prime factors of x?
2, 7, 263
Let a(v) = v**3 - 12*v**2 + 21*v - 8. Let n be a(10). Suppose -4*m = -n*m + 6. What are the prime factors of 0 + (5/15 - 140/m)?
47
Suppose f = 208*h - 209*h + 5122, -f + 5*h = -5110. What are the prime factors of f?
2, 5
Suppose 9*b = -22*b - 837. Let s(j) = j**3 + 28*j**2 + 14*j - 28. What are the prime factors of s(b)?
17, 19
Let f be (2/4)/((-1)/(-4)). Let p(a) = a**2 - 78*a + 1400. Let g be p(50). List the prime factors of f/(2 - g)*94.
2, 47
Let g be ((1 + -1)/(-2))/1. Let m = -1147 - -3503. Suppose g = -10*b + m - 736. What are the prime factors of b?
2, 3
Let v(m) = m**3 + 6*m**2 + 3*m - 4. Let i be v(-5). What are the prime factors of 2528/7 - i/42?
19
Suppose 48*m = 44*m - 3*g + 5454, 4*m = 3*g + 5466. What are the prime factors of m?
3, 5, 7, 13
Let l(y) = -y + 7. Let p be l(-2). Let f be 36/p*(-2)/(-8). What are the prime factors of 3*f*924/63?
2, 11
Let f = -190 + 190. Suppose f = -8*j + 1937 + 231. List the prime factors of j.
271
Suppose 0 = 31*k - 26 - 811. Suppose 4*l + 12903 = k*l. What are the prime factors of l?
3, 11, 17
Let b(q) = -q + 24. Let c be b(14). Suppose -m - 5*o + c*o + 5 = 0, 0 = -3*o. Suppose 77 = m*h - 4*h. What are the prime factors of h?
7, 11
Let p = 4 - 6. Let v(g) = g**3 + g + 1. Let t(x) = 4*x**3 - 2*x**2 - x - 2. Let c(d) = -t(d) - 2*v(d). List the prime factors of c(p).
2, 29
Let t(k) be the third derivative of k**6/40 + k**4/4 - 3*k**3/2 - k**2. Let l(y) = -9*y - 564. Let g be l(-63). List the prime factors of t(g).
2, 3, 5
Let w = -343 - -348. Suppose -w*k = j - 371, 5*j + 3*k + k - 1939 = 0. What are the prime factors of j?
17, 23
Suppose 2*y - 5 - 3 = 0. What are the prime factors of (-1937)/(-4) + 210/(-40) + y?
3, 7, 23
Let l = 3086 + -2124. Let t = l + -590. List the prime factors of t.
2, 3, 31
Let r(h) = -16*h**3 - 14*h**2 - 21*h - 1. Let f be r(-2). Let w be (-4)/6 - 356/(-3). Suppose 0 = -w*c + f*c + 310. List the prime factors of c.
2, 31
Let o = 151 + -70. Suppose 21*u = 24*u - o. Suppose 968 + u = 5*p. List the prime factors of p.
199
Suppose -49911 - 12250 = -490*f + 479*f. List the prime factors of f.
5651
Let v(q) = q**3 + 20*q**2 + 16*q + 37. Let n(o) = -o**3 + 8*o**2 - 5*o + 12. Let h be n(8). Let i = h - -9. What are the prime factors of v(i)?
2, 47
Suppose 426741 = 115*a - 1191852 - 261197. What are the prime factors of a?
2, 11, 743
Let d be (12663/36 - 7) + 2/8. Suppose 3*v + d = 4*v + 3*s, -2*v + 4*s + 680 = 0. What are the prime factors of v?
2, 3, 19
List the prime factors of ((-1)/(-1) - 2/(-1))/(3/7934).
2, 3967
Let s(l) be the first derivative of l**3/3 + 9*l**2/2 + 8*l + 7. Let w be s(5). Let c = 135 - w. List the prime factors of c.
3, 19
Suppose 275 = 3*u + 4*z, 2*u + 16 = 5*z + 184. Suppose 4*s = -27 - u. Let q = s - -69. What are the prime factors of q?
2, 5
Let w(n) = 3*n**2 + 102*n + 19. Let o be w(19). Let j = o + -1874. List the prime factors of j.
2, 11, 53
Suppose -71*g + 5*k = -70*g - 5261, -18 = 3*k. List the prime factors of g.
5231
List the prime factors of 20748/5 + 560/400.
7, 593
